Is 358 a multiple of 32?
False
Is 918 a multiple of 18?
True
Is 29625 a multiple of 14?
False
Is 88 a factor of 16505?
False
Is 58 a factor of 42514?
True
Is 5950 a multiple of 50?
True
Is 1144 a multiple of 9?
False
Does 129 divide 2838?
True
Is 23 a factor of 322?
True
Is 35 a factor of 735?
True
Is 1760 a multiple of 8?
True
Does 2 divide 28857?
False
Is 12834 a multiple of 18?
True
Is 3640 a multiple of 35?
True
Does 8 divide 216?
True
Is 686 a multiple of 14?
True
Is 14 a multiple of 14?
True
Is 9 a factor of 1317?
False
Is 22 a factor of 1883?
False
Does 8 divide 10112?
True
Is 9 a factor of 126?
True
Is 21 a factor of 1933?
False
Is 290 a multiple of 32?
False
Is 660 a multiple of 22?
True
Is 8 a factor of 371?
False
Is 11805 a multiple of 54?
False
Does 14 divide 2838?
False
Does 26 divide 78?
True
Does 49 divide 15239?
True
Does 25 divide 5525?
True
Does 23 divide 23199?
False
Is 15 a factor of 73890?
True
Is 573 a multiple of 32?
False
Is 4 a factor of 2660?
True
Is 7866 a multiple of 33?
False
Is 5748 a multiple of 45?
False
Is 55 a multiple of 4?
False
Is 1912 a multiple of 7?
False
Does 34 divide 4556?
True
Is 5 a factor of 540?
True
Is 17 a factor of 5274?
False
Does 17 divide 1205?
False
Is 33 a factor of 2860?
False
Is 5346 a multiple of 6?
True
Is 8 a factor of 755?
False
Does 48 divide 5654?
False
Is 27 a factor of 7398?
True
Does 2 divide 743?
False
Is 152 a multiple of 76?
True
Is 12 a factor of 3432?
True
Does 4 divide 678?
False
Is 7 a factor of 26866?
True
Is 1044 a multiple of 29?
True
Is 44 a factor of 186?
False
Is 70 a multiple of 28?
False
Is 9568 a multiple of 16?
True
Is 86 even?
True
Is 249 a factor of 63246?
True
Is 42 a factor of 38372?
False
Does 62 divide 1882?
False
Is 26 a factor of 3796?
True
Is 29 even?
False
Does 9 divide 1512?
True
Is 2 a factor of 110?
True
Is 8880 a multiple of 37?
True
Is 106 a multiple of 9?
False
Does 96 divide 19776?
True
Does 26 divide 18072?
False
Is 2 a factor of 218?
True
Is 345 a multiple of 24?
False
Is 17 a factor of 765?
True
Is 179 a multiple of 9?
False
Is 7 a factor of 9814?
True
Is 1857 a multiple of 21?
False
Is 3833 a multiple of 22?
False
Is 63 a multiple of 9?
True
Is 2 a factor of 1583?
False
Is 43 a factor of 11016?
False
Does 16 divide 284?
False
Is 2823 a multiple of 47?
False
Does 8 divide 424?
True
Does 62 divide 310?
True
Is 35 a factor of 555?
False
Is 88 a factor of 10912?
True
Does 32 divide 10496?
True
Is 417 a factor of 1668?
True
Is 29 a factor of 87?
True
Is 113 a factor of 14125?
True
Is 60039 a multiple of 63?
True
Is 35 a factor of 1035?
False
Does 11 divide 279?
False
Is 25 a factor of 3575?
True
Is 230 a multiple of 10?
True
Is 23144 a multiple of 61?
False
Is 57 a factor of 4856?
False
Is 5885 a multiple of 111?
False
Is 36 a factor of 2268?
True
Is 51 a factor of 1508?
False
Is 22815 a multiple of 15?
True
Is 7 a factor of 898?
False
Does 38 divide 12654?
True
Is 4507 a multiple of 33?
False
Is 10 a factor of 1227?
False
Is 783 a multiple of 17?
False
Is 5070 a multiple of 26?
True
Does 55 divide 7370?
True
Does 62 divide 4464?
True
Is 2711 a multiple of 2?
False
Does 19 divide 2565?
True
Is 3822 a multiple of 3?
True
Is 7874 a multiple of 31?
True
Does 101 divide 5858?
True
Is 74 a factor of 16132?
True
Is 1661 a multiple of 11?
True
Is 962 even?
True
Is 550 a multiple of 25?
True
Is 9 a factor of 425?
False
Is 1102 a multiple of 19?
True
Does 18 divide 9522?
True
Is 31 a factor of 2808?
False
Is 69 a multiple of 18?
False
Is 13 a factor of 1112?
False
Is 29773 a multiple of 19?
True
Is 56 a factor of 2790?
False
Is 152 a factor of 15656?
True
Is 42300 a multiple of 15?
True
Does 9 divide 1296?
True
Is 248 a multiple of 13?
False
Does 12 divide 1921?
False
Is 19 a factor of 66707?
False
Does 44 divide 1144?
True
Does 18 divide 5240?
False
Is 808 a multiple of 45?
False
Is 21660 a multiple of 76?
True
Is 360 a multiple of 10?
True
Is 110 a multiple of 2?
True
Is 9 a factor of 20602?
False
Is 5 a factor of 532?
False
Is 29887 a multiple of 55?
False
Is 6 a factor of 273?
False
Is 20 a factor of 4751?
False
Does 13 divide 900?
False
Is 5262 a multiple of 15?
False
Is 7 a factor of 292?
False
Is 22 a factor of 2574?
True
Is 5154 a multiple of 21?
False
Is 36 a factor of 1224?
True
Is 20967 a multiple of 89?
False
Is 2970 a multiple of 98?
False
Is 33032 a multiple of 5?
False
Is 119 a multiple of 7?
True
Is 3 a factor of 234?
True
Does 13 divide 221?
True
Is 22 a factor of 528?
True
Does 32 divide 2554?
False
Is 34 a factor of 18015?
False
Is 5827 a multiple of 66?
False
Is 2328 a multiple of 4?
True
Is 10 a factor of 820?
True
Does 105 divide 6373?
False
Is 2360 a multiple of 9?
False
Is 29 a factor of 2088?
True
Is 1554 a multiple of 37?
True
Does 15 divide 388?
False
Is 818 a multiple of 29?
False
Does 70 divide 417?
False
Is 208 a factor of 7130?
False
Is 250 a multiple of 13?
False
Does 80 divide 63374?
False
Is 67 a factor of 25125?
True
Is 85 a factor of 12803?
False
Is 18090 a multiple of 45?
True
Is 36 a factor of 27324?
True
Is 18 a factor of 882?
True
Is 19920 a multiple of 80?
True
Does 17 divide 12971?
True
Is 76 even?
True
Does 118 divide 21594?
True
Is 3 a factor of 3970?
False
Is 12 a factor of 1169?
False
Is 1132 a multiple of 51?
False
Is 2237 a multiple of 3?
False
Is 10 a factor of 230?
True
Does 11 divide 7590?
True
Does 140 divide 6643?
False
Is 51 a factor of 3063?
False
Is 18 a factor of 245?
False
Is 561 a multiple of 18?
False
Is 220 a multiple of 75?
False
Does 27 divide 14249?
False
Is 55 even?
False
Is 116 a multiple of 4?
True
Is 775 a multiple of 4?
False
Does 8 divide 832?
True
Is 2515 a multiple of 23?
False
Does 26 divide 1118?
True
Is 7784 a multiple of 32?
False
Does 23 divide 2185?
True
Is 9 a factor of 369?
True
Is 133 a factor of 143793?
False
Is 6 a factor of 54?
True
Does 27 divide 2366?
False
Is 8788 a multiple of 52?
True
Is 1049 a multiple of 26?
False
Is 4750 a multiple of 49?
False
Does 8 divide 5336?
True
Does 64 divide 14336?
True
Does 13 divide 12910?
False
Is 35 a factor of 4235?
True
Does 18 divide 282?
False
Does 36 divide 1656?
True
Does 132 divide 12076?
False
Is 1189 a multiple of 45?
False
Does 27 divide 10125?
True
Is 34 a factor of 544?
True
Is 658 a multiple of 38?
False
Is 196 a multiple of 12?
False
Is 2 a factor of 2385?
False
Is 19244 a multiple of 81?
False
Does 96 divide 72888?
False
Does 91 divide 35363?
False
Is 7064 a multiple of 21?
False
Is 10 a factor of 3556?
False
Is 2235 a multiple of 14?
False
Does 12 divide 4034?
False
Is 1091 a multiple of 21?
False
Is 8 a factor of 3744?
True
Is 6580 a multiple of 20?
True
Is 17 a factor of 2278?
True
Is 423 a multiple of 27?
False
Is 353 a multiple of 6?
False
Does 154 divide 33880?
True
Is 4262 a multiple of 76?
False
Does 13 divide 10324?
False
Does 5 divide 6614?
False
Is 6 a factor of 2329?
False
Does 9 divide 5201?
False
Is 29 a factor of 4611?
True
Is 696 a multiple of 6?
True
Does 7 divide 7910?
True
Is 10 a factor of 2130?
True
Is 19770 a multiple of 7?
False
Is 4700 a multiple of 50?
True
Is 1220 a multiple of 4?
True
Does 4 divide 122?
False
Does 209 divide 78113?
False
Is 4045 a multiple of 21?
False
Does 78 divide 7410?
True
Does 62 divide 1302?
True
Is 47 a factor of 8413?
True
Is 28800 a multiple of 60?
True
Is 82698 a multiple of 14?
True
Does 20 divide 7134?
False
Is 1060 a multiple of 10?
True
Is 417 a multiple of 23?
False
Does 4 divide 16?
True
Is 709 a multiple of 75?
False
Is 1022 a multiple of 14?
True
Is 40 a factor of 22800?
True
Does 31 divide 5943?
False
Is 118 a multiple of 71?
False
Is 15 a factor of 301?
False
Does 97 divide 320?
False
Does 16 divide 7610?
False
Is 8624 a multiple of 22?
True
Is 30 a factor of 3660?
True
Does 83 divide 166?
True
Is 10831 a multiple of 134?
False
Is 52 a factor of 4386?
False
Is 20 a factor of 68040?
True
Does 79 divide 1189?
False
Is 18 a factor of 242?
False
Does 7 divide 32?
False
Is 13203 a multiple of 10?
False
Is 16 a factor of 12764?
False
Does 5 divide 2069?
False
Does 43 divide 5310?
False
Is 408 a multiple of 24?
True
Does 13 divide 9880?
True
Is 27300 a multiple of 7?
True
Is 37392 a multiple of 16?
True
Is 13324 a multiple of 8?
False
Is 3060 a multiple of 25